 a composite number?
False
Let y(b) = b**3 + 102*b**2 + 164*b - 212. Is y(-83) prime?
False
Suppose 4*c - 32 + 172 = 0. Let f(t) = -t**3 - 33*t**2 + 14*t - 99. Is f(c) a prime number?
True
Let m be 259/9 + (-2)/(-9). Let z = 25 - m. Let f(b) = 27*b**2 - 3*b + 7. Is f(z) a prime number?
False
Is ((-12)/10 - -1) + 588890*(-8)/(-100) prime?
True
Let u = -1029 + 1639. Let y = -447 + u. Is y prime?
True
Let s(v) = v**2 - 5*v - 13. Let k be s(7). Let o(h) = 1326*h - 7. Let q be o(k). Let b = q - 568. Is b composite?
False
Let g(u) = 1670*u**2 + 1561*u + 114. Is g(23) prime?
True
Let q(u) = 101 + 103 - 5*u - 203 + 294*u**2. Is q(-2) composite?
False
Let c be (2 + -2 - 0)/(-3). Suppose c = -2408*y + 2410*y - 8254. Is y a composite number?
False
Suppose q + m + 4 = 12, -5*m + 25 = 0. Suppose q*d - d = 42. Is 2/7 + (-593)/d*-3 a prime number?
False
Let t = 26047 + -13980. Suppose 0 = -7*g + 7302 + t. Is g prime?
True
Let p(c) = c**3 + c**2 + 5*c - 6. Let y be p(0). Is 5*-1 + (-2 + y - -8072) composite?
False
Suppose 4*b + 16311 = 3*x, 0*b = -2*x - 2*b + 10860. Suppose -3*i + 3*a + x = 0, -2*a + 5*a = 4*i - 7240. Is i a prime number?
False
Let b(y) = 597*y + 244633. Is b(0) prime?
True
Suppose 5*a = 25, -3*a + 6*a = 5*t + 1475. Let n = t + -255. Let v = -390 - n. Is v composite?
False
Suppose -9*j + 13*j = 28 - 8. Suppose 4*m - 2636 = 2*s + 1640, 2*m = -s + 2130. Suppose 0 = -4*p + 3*i + m - 4, i = -j*p + 1305. Is p a prime number?
False
Let k(v) = 4403*v**2 + 52*v + 280. Is k(-13) a prime number?
True
Suppose 8*r = 431491 + 175621. Is r a prime number?
False
Let t = 977460 - 627731. Is t composite?
False
Suppose 25*h - 21*h + 2*i - 924890 = 0, 462444 = 2*h + 2*i. Is h a composite number?
False
Is ((-431315)/10)/((-5)/10) composite?
False
Is (7642100/(-80))/((-30)/24) a prime number?
True
Let b(g) = -g**3 + 11*g**2 - 3*g - 11. Suppose 9*s + 0*s = 81. Let n be b(s). Suppose 0 = 7*f + n - 1902. Is f prime?
False
Let b(p) = 324*p + 59. Let l(w) = -81*w - 15. Let k = 17 + -15. Let c(n) = k*b(n) + 9*l(n). Is c(-8) a composite number?
False
Suppose 5*m + 5*f - 20 = 0, m - 3*f - 1 = -7*f. Suppose -2*p - 36527 = -m*v, 2*p = -4*v - p + 29240. Is v prime?
True
Suppose 2*h - 1355 = -3761. Let w = 420 - h. Is w/(-2)*((-6)/9)/1 a composite number?
False
Let j = -26 - -30. Suppose 2*q + a + 7 = -0*a, -12 = 4*q + j*a. Is (q/6)/((20/1338)/(-5)) a prime number?
True
Let s(r) be the first derivative of r**4/4 - 31*r**3/3 + 35*r**2/2 + 2*r - 95. Is s(31) composite?
False
Let r = -2451 - -3272. Is r a prime number?
True
Let w be (-5)/(-10)*194 + 4. Let p = w + -98. Suppose 2*t + 3*j - 653 = 0, -6*t + p*t + 5*j = -932. Is t a prime number?
False
Suppose -t + 2 = -5*n, 4*n + 5*t - 10 = 9*n. Suppose x + 566 = h, n = 4*h - 2*h - 4*x - 1138. Is h composite?
False
Is (9884630/735)/((-12)/(-126)) a prime number?
True
Suppose -90 = 4*u + 3*q, -8*u = -3*u + 3*q + 111. Let o be 16/(-28) - 201/u. Suppose -5*m = -o*m - p + 640, -5*p + 302 = 2*m. Is m composite?
True
Suppose 23*u = 47558 + 98561. Is u a prime number?
True
Let t be (-4)/((-2)/12*-3). Let x(k) = -43*k**2 + 3*k - 41. Let q be x(-7). Let r = t - q. Is r a prime number?
True
Let a(b) be the third derivative of 111*b**5/40 + b**4/6 + 23*b**3/6 - 8*b**2. Let k(x) be the first derivative of a(x). Is k(5) composite?
False
Suppose 5*p = -5*v + 1290275, 612*v - 5*p = 613*v - 258087. Is v composite?
True
Suppose -4*k - k = -5, 4*r = -3*k + 15. Suppose 3*z + 7*c = 2*c + 27, 0 = -r*z - 2*c + 18. Suppose 135 = -h + 3*h + 5*w, -5*w = -z*h + 195. Is h prime?
False
Let v be (10/30)/(1/52701). Suppose 0 = -3*y - 8*y + v. Is y composite?
False
Let a(q) = q**2 - 5*q - 14. Let k be a(7). Suppose -5*u - 3*p + 194212 = -k*u, -3*u + 2*p + 116512 = 0. Suppose 23*d = 31*d - u. Is d a prime number?
False
Let u(v) = v**3 - 51*v**2 + 50*v - 3. Let t be u(50). Let m(x) = 269*x**2 + 44*x + 4. Is m(t) composite?
False
Let c = 979503 - 632648. Is c a prime number?
False
Suppose 20 - 5 = -5*b, 5*h - 318575 = -5*b. Suppose 0 = 19*z - h - 35253. Is z composite?
False
Suppose 6*a = -r + 2*a + 12, -r + 2*a = -30. Suppose -52*s = -r*s - 79156. Is s a composite number?
True
Suppose 0 = 4*n - 5*i - 35, 5*n + 2*i - 14 = n. Suppose -27 = n*t - 2*q, 0 = -5*t - 4*q + q - 22. Is ((-424)/t)/1 + (-6)/(-30) composite?
True
Let b(s) = -5*s - 24. Let d be b(-4). Is ((-86)/d)/(-1)*-4 prime?
False
Let u(w) = 3*w**2 + 3*w - 16. Let i be u(3). Is 313538/i - (-4)/40 a prime number?
False
Suppose 0*o + 40 = 8*o. Suppose 0 = 3*m + 6 - 18, 3*v = -o*m + 8261. Is v composite?
True
Let a(f) = -f**3 - 7*f**2 + 3*f + 23. Suppose d + 19 = 12. Let k be a(d). Is k/(-7) - 42595/(-49) a prime number?
False
Suppose 12*t - 7*t = -5, 3*j - 3*t - 51 = 0. Suppose 45285 = -o + j*o. Is o a composite number?
False
Let y = 41938 - 24422. Let a be ((-17)/(-2))/(35034/y - 2). Is 74/555 + 0 + a/15 a prime number?
False
Suppose -i - 10719 = 7*o - 8*o, 10727 = o + i. Suppose -3*r + 2*l + 32209 = 0, -o = -0*r - r + 4*l. Is r a prime number?
True
Let m(w) = w**3 + 2595. Let q be m(0). Let n = -5139 + q. Let k = n - -3983. Is k composite?
False
Suppose -50*q + 55*q = 50. Suppose -2*r - q*r = -15348. Is r prime?
True
Let l(x) be the first derivative of 1569*x**2/2 + 6*x + 20. Let s be l(11). Suppose -s + 1753 = -8*t. Is t a composite number?
True
Suppose 4617 + 4419 = -2*a. Let m = a - -6613. Suppose -l - m = -6*l. Is l prime?
True
Suppose -351098 = -3517*r + 3495*r. Is r a prime number?
True
Suppose 0 = 6*z - 160 + 118. Suppose -3*u + z*u = 5*b + 3560, 5*u = b + 4471. Is u prime?
False
Suppose 67*w = 70*w + 28740. Is (w/(-8) + -2)*30/9 prime?
False
Let x be (-4)/(-14) + (-12564020)/(-245). Suppose -k - 3*b = -17084, -3*k = b - 2*b - x. Is k a composite number?
False
Let s be -1 - (4 - (-21)/(-3)). Let n be 15952/8 - 6/s. Suppose 0 = -4*t + 2397 + n. Is t a prime number?
True
Let x be 14/(-21)*5/((-15)/18). Suppose 0 = -4*p + 12 - x, 5*r = -p + 54477. Is r a composite number?
True
Let i be (-2 - (-10)/(-10))*306. Let k = 1711 - i. Is k composite?
True
Suppose -14*s = -11*s + 6. Let f = s - -5. Suppose f*u - 4*a - 332 = -u, 4*u = 5*a + 336. Is u a composite number?
False
Let x = 78166 + -1227. Is x prime?
False
Let a = 44802 + 1579. Is a prime?
True
Suppose 5*w + 1896 = 4*n - 3*n, 0 = 3*w - 5*n + 1142. Let t = w - 103. Let l = 567 - t. Is l a prime number?
True
Let x = 538484 + -304123. Is x a prime number?
True
Let o(q) = 6*q**2 - 3*q**2 - 4*q**3 + q**2 + 27 + 17*q - 8*q**2. Is o(-10) prime?
True
Suppose -4344 = -13*s + 5*s. Suppose -2*p - s = -w, -w - p + 1081 = w. Is w a composite number?
False
Suppose -3*q + 11450 = -5*d, 2*q - 3*d - d = 7634. Let m = q + 506. Is m a composite number?
True
Suppose -2888663 = -5*g - 23*g + 498525. Is g a composite number?
True
Let w(v) = -3*v + 6. Let b be w(3). Let z be (-27)/(-12)*(-584)/b. Suppose -5*h = -4507 - z. Is h composite?
True
Suppose -83081 + 863126 = 9*k - 260166. Is k composite?
True
Let w = 156272 - 66109. Is w composite?
False
Suppose -31*c = -11*c - 11660. Is c a composite number?
True
Suppose 3*o = -b + 10, 0 = 2*o - 3*b - 0*b + 8. Is ((-45)/135)/(o/(-7404)) composite?
True
Suppose z + 5*y = 70908, 2*z - 13*y = -10*y + 141881. Is z prime?
False
Suppose -5*h - z = -184836, 17600 = 3*h - 5*z - 93296. Let g = -24364 + h. Is g composite?
True
Suppose -5*g = 3*f - 33, 0 = -6*f + 2*f - 3*g + 33. Suppose -f*z + 28792 + 57890 = 0. Is z prime?
True
Let l = -15400 + 8365. Let j = 14104 + l. Is j a composite number?
False
Let u(g) = 9*g - 9*g**2 + 58*g**3 - 10 - 33*g**3 - 26*g**3. Let p be u(-10). Suppose p = 4*s - t - 2956, 4*s - 3888 = -3*t - 932. Is s a composite number?
False
Suppose 33*b - 372129 = -17*b + 237721. Is b prime?
True
Let h(t) = -210*t + 123. Let q be h(13). Let w = -170 - q. Is w a composite number?
False
Let t(z) = -4*z - 21. Let j be t(-6). Suppose 0 = -j*m - 4*r + 6191, m - 2*m + 4*r = -2053. Let a = 3256 - m. Is a a composite number?
True
Let i(q) be the third derivative of q**6/40 - 13*q**5/60 + q**4/12 - 17*q**3/6 - 2*q**2 + 9. Let m be (-43)/(-5) + 2/5. Is i(m) composite?
True
Let c be 2*(-20363)/28*(-5 - -7). Suppose -5*i + 28006 = 896. Let j = c + i. Is j prime?
False
Suppose -d = q - 6246, 150*d + 6248 = 151*d - q. Is d composite